{"id":20,"date":"2020-07-26T04:54:59","date_gmt":"2020-07-26T02:54:59","guid":{"rendered":"http:\/\/s842438183.onlinehome.us\/?page_id=20"},"modified":"2024-07-11T13:55:50","modified_gmt":"2024-07-11T02:55:50","slug":"le-design-social","status":"publish","type":"page","link":"https:\/\/www.ledesignsocial.nc\/index.php\/le-design-social\/","title":{"rendered":"Le Design Social"},"content":{"rendered":"\n<h2 class=\"wp-block-heading\"><span style=\"color:#e44906\" class=\"has-inline-color\">Qu&rsquo;est-ce?<\/span><\/h2>\n\n\n\n<p>Trop souvent rattach\u00e9 \u00e0 l\u2019ameublement, au luxe ou pens\u00e9 comme objet de distinction, le&nbsp;<strong>design<\/strong>&nbsp;est avant tout une discipline de&nbsp;<strong>conception<\/strong>&nbsp;<strong>de<\/strong>&nbsp;<strong>projet<\/strong>.<\/p>\n\n\n\n<p><strong>Le design social&nbsp;<\/strong>(ou l\u2019innovation sociale par le design) met les m\u00e9thodologies et la pens\u00e9e du design au service de projets de soci\u00e9t\u00e9 en pla\u00e7ant<strong>&nbsp;l\u2019humain au c\u0153ur<\/strong>&nbsp;de ces projets afin de les rendre plus responsables&nbsp;<strong>socialement<\/strong>,&nbsp;<strong>\u00e9cologiquement<\/strong>&nbsp;et&nbsp;<strong>\u00e9conomiquement<\/strong>.<\/p>\n\n\n\n<p>On le retrouve notamment dans des&nbsp;<strong>domaines<\/strong>&nbsp;tels que la sant\u00e9, l\u2019action publique, l\u2019\u00e9ducation, la culture, le d\u00e9veloppement territorial ou l\u2019humanitaire.<\/p>\n\n\n\n<p><img loading=\"lazy\" decoding=\"async\" height=\"16\" width=\"16\" alt=\"\ud83c\udf0d\" src=\"https:\/\/static.xx.fbcdn.net\/images\/emoji.php\/v9\/tde\/2\/16\/1f30d.png\"><img loading=\"lazy\" decoding=\"async\" height=\"16\" width=\"16\" alt=\"\u2728\" src=\"https:\/\/static.xx.fbcdn.net\/images\/emoji.php\/v9\/t75\/2\/16\/2728.png\"> **D\u00e9couvrez le Design Social : Le Design au Service du Bien Commun** <img loading=\"lazy\" decoding=\"async\" height=\"16\" width=\"16\" alt=\"\u2728\" src=\"https:\/\/static.xx.fbcdn.net\/images\/emoji.php\/v9\/t75\/2\/16\/2728.png\"><img loading=\"lazy\" decoding=\"async\" height=\"16\" width=\"16\" alt=\"\ud83c\udf0d\" src=\"https:\/\/static.xx.fbcdn.net\/images\/emoji.php\/v9\/tde\/2\/16\/1f30d.png\"><\/p>\n\n\n\n<p>Le design social, c\u2019est bien plus que du design ! C\u2019est une approche innovante et <a><\/a>collaborative qui vise \u00e0 r\u00e9soudre les probl\u00e8mes sociaux et environnementaux pour am\u00e9liorer la qualit\u00e9 de vie de tous. <img loading=\"lazy\" decoding=\"async\" height=\"16\" width=\"16\" alt=\"\ud83d\udca1\" src=\"https:\/\/static.xx.fbcdn.net\/images\/emoji.php\/v9\/tdb\/2\/16\/1f4a1.png\"><img loading=\"lazy\" decoding=\"async\" height=\"16\" width=\"16\" alt=\"\ud83e\udd1d\" src=\"https:\/\/static.xx.fbcdn.net\/images\/emoji.php\/v9\/t3\/2\/16\/1f91d.png\"><\/p>\n\n\n\n<p>Imaginons des villes plus inclusives, des programmes \u00e9ducatifs accessibles \u00e0 tous, des solutions de sant\u00e9 adapt\u00e9es aux besoins des communaut\u00e9s, et des pratiques \u00e9cologiques qui prot\u00e8gent notre plan\u00e8te. C\u2019est tout cela que le design social cherche \u00e0 accomplir ! <img loading=\"lazy\" decoding=\"async\" height=\"16\" width=\"16\" alt=\"\ud83c\udf31\" src=\"https:\/\/static.xx.fbcdn.net\/images\/emoji.php\/v9\/t8\/2\/16\/1f331.png\"><img loading=\"lazy\" decoding=\"async\" height=\"16\" width=\"16\" alt=\"\ud83c\udfd9\ufe0f\" src=\"https:\/\/static.xx.fbcdn.net\/images\/emoji.php\/v9\/t7f\/2\/16\/1f3d9.png\"><\/p>\n\n\n\n<p>Le secret ? Une d\u00e9marche participative o\u00f9 designers, utilisateurs et partenaires travaillent main dans la main. Ensemble, nous cr\u00e9ons des solutions durables, \u00e9quitables et r\u00e9silientes. <img loading=\"lazy\" decoding=\"async\" height=\"16\" width=\"16\" alt=\"\ud83c\udf1f\" src=\"https:\/\/static.xx.fbcdn.net\/images\/emoji.php\/v9\/t7f\/2\/16\/1f31f.png\"><\/p>\n\n\n\n<p>Envie d\u2019en savoir plus ou de vous impliquer ? Rejoignez notre communaut\u00e9 et d\u00e9couvrez comment le design social peut transformer nos soci\u00e9t\u00e9s pour un avenir meilleur. <img loading=\"lazy\" decoding=\"async\" height=\"16\" width=\"16\" alt=\"\u2728\" src=\"https:\/\/static.xx.fbcdn.net\/images\/emoji.php\/v9\/t75\/2\/16\/2728.png\"><img loading=\"lazy\" decoding=\"async\" height=\"16\" width=\"16\" alt=\"\ud83d\ude4c\" src=\"https:\/\/static.xx.fbcdn.net\/images\/emoji.php\/v9\/t9c\/2\/16\/1f64c.png\"><\/p>\n\n\n\n<p><a href=\"https:\/\/www.facebook.com\/hashtag\/designsocial?__eep__=6&amp;__cft__[0]=AZW6HJnKjlfdR_XC-CvCyDduhHkGtYD_skir7geD4Rr8yg9Qds3BnhouXJN5uC6YAUtKqw8JXL8RyGrz3sXUx7_m-yBgs2JBWH9HZ2RvMKcJAineFHgw_oP077ByEPce8RKmlj1fmnjYqQk4bfd4wzel4bAHg0uJHwLH-ik1XyPfgioiBPTQC2PngLSezow_pwlZW3ETnNVhNoAgSEWWMfoe3pI52ak-VewdWwBxCMD9-w&amp;__tn__=*NK-y-R\">#DesignSocial<\/a><a href=\"https:\/\/www.facebook.com\/hashtag\/innovation?__eep__=6&amp;__cft__[0]=AZW6HJnKjlfdR_XC-CvCyDduhHkGtYD_skir7geD4Rr8yg9Qds3BnhouXJN5uC6YAUtKqw8JXL8RyGrz3sXUx7_m-yBgs2JBWH9HZ2RvMKcJAineFHgw_oP077ByEPce8RKmlj1fmnjYqQk4bfd4wzel4bAHg0uJHwLH-ik1XyPfgioiBPTQC2PngLSezow_pwlZW3ETnNVhNoAgSEWWMfoe3pI52ak-VewdWwBxCMD9-w&amp;__tn__=*NK-y-R\">#Innovation<\/a><a href=\"https:\/\/www.facebook.com\/hashtag\/durabilit%C3%A9?__eep__=6&amp;__cft__[0]=AZW6HJnKjlfdR_XC-CvCyDduhHkGtYD_skir7geD4Rr8yg9Qds3BnhouXJN5uC6YAUtKqw8JXL8RyGrz3sXUx7_m-yBgs2JBWH9HZ2RvMKcJAineFHgw_oP077ByEPce8RKmlj1fmnjYqQk4bfd4wzel4bAHg0uJHwLH-ik1XyPfgioiBPTQC2PngLSezow_pwlZW3ETnNVhNoAgSEWWMfoe3pI52ak-VewdWwBxCMD9-w&amp;__tn__=*NK-y-R\">#Durabilit\u00e9<\/a><a href=\"https:\/\/www.facebook.com\/hashtag\/inclusion?__eep__=6&amp;__cft__[0]=AZW6HJnKjlfdR_XC-CvCyDduhHkGtYD_skir7geD4Rr8yg9Qds3BnhouXJN5uC6YAUtKqw8JXL8RyGrz3sXUx7_m-yBgs2JBWH9HZ2RvMKcJAineFHgw_oP077ByEPce8RKmlj1fmnjYqQk4bfd4wzel4bAHg0uJHwLH-ik1XyPfgioiBPTQC2PngLSezow_pwlZW3ETnNVhNoAgSEWWMfoe3pI52ak-VewdWwBxCMD9-w&amp;__tn__=*NK-y-R\">#Inclusion<\/a><a href=\"https:\/\/www.facebook.com\/hashtag\/changementpositif?__eep__=6&amp;__cft__[0]=AZW6HJnKjlfdR_XC-CvCyDduhHkGtYD_skir7geD4Rr8yg9Qds3BnhouXJN5uC6YAUtKqw8JXL8RyGrz3sXUx7_m-yBgs2JBWH9HZ2RvMKcJAineFHgw_oP077ByEPce8RKmlj1fmnjYqQk4bfd4wzel4bAHg0uJHwLH-ik1XyPfgioiBPTQC2PngLSezow_pwlZW3ETnNVhNoAgSEWWMfoe3pI52ak-VewdWwBxCMD9-w&amp;__tn__=*NK-y-R\">#ChangementPositif<\/a><\/p>\n\n\n\n<figure class=\"wp-block-image size-large is-resized\"><img loading=\"lazy\" decoding=\"async\" width=\"724\" height=\"1024\" src=\"https:\/\/www.ledesignsocial.nc\/wp-content\/uploads\/2024\/07\/DESIGN-SOCIAL-09-juillet-2024-a-15.14.41-1-francais-724x1024.png\" alt=\"\" class=\"wp-image-184\" style=\"width:1079px;height:auto\" srcset=\"https:\/\/www.ledesignsocial.nc\/wp-content\/uploads\/2024\/07\/DESIGN-SOCIAL-09-juillet-2024-a-15.14.41-1-francais-724x1024.png 724w, https:\/\/www.ledesignsocial.nc\/wp-content\/uploads\/2024\/07\/DESIGN-SOCIAL-09-juillet-2024-a-15.14.41-1-francais-212x300.png 212w, https:\/\/www.ledesignsocial.nc\/wp-content\/uploads\/2024\/07\/DESIGN-SOCIAL-09-juillet-2024-a-15.14.41-1-francais-768x1086.png 768w, https:\/\/www.ledesignsocial.nc\/wp-content\/uploads\/2024\/07\/DESIGN-SOCIAL-09-juillet-2024-a-15.14.41-1-francais-1086x1536.png 1086w, https:\/\/www.ledesignsocial.nc\/wp-content\/uploads\/2024\/07\/DESIGN-SOCIAL-09-juillet-2024-a-15.14.41-1-francais-1448x2048.png 1448w, https:\/\/www.ledesignsocial.nc\/wp-content\/uploads\/2024\/07\/DESIGN-SOCIAL-09-juillet-2024-a-15.14.41-1-francais-700x990.png 700w\" sizes=\"auto, (max-width: 724px) 100vw, 724px\" \/><\/figure>\n\n\n\n<figure class=\"wp-block-image size-large is-resized\"><img loading=\"lazy\" decoding=\"async\" width=\"724\" height=\"1024\" src=\"https:\/\/www.ledesignsocial.nc\/wp-content\/uploads\/2024\/07\/DESIGN-SOCIAL-09-juillet-2024-a-15.14.41-2-francais-724x1024.png\" alt=\"\" class=\"wp-image-185\" style=\"width:1078px;height:auto\" srcset=\"https:\/\/www.ledesignsocial.nc\/wp-content\/uploads\/2024\/07\/DESIGN-SOCIAL-09-juillet-2024-a-15.14.41-2-francais-724x1024.png 724w, https:\/\/www.ledesignsocial.nc\/wp-content\/uploads\/2024\/07\/DESIGN-SOCIAL-09-juillet-2024-a-15.14.41-2-francais-212x300.png 212w, https:\/\/www.ledesignsocial.nc\/wp-content\/uploads\/2024\/07\/DESIGN-SOCIAL-09-juillet-2024-a-15.14.41-2-francais-768x1086.png 768w, https:\/\/www.ledesignsocial.nc\/wp-content\/uploads\/2024\/07\/DESIGN-SOCIAL-09-juillet-2024-a-15.14.41-2-francais-1086x1536.png 1086w, https:\/\/www.ledesignsocial.nc\/wp-content\/uploads\/2024\/07\/DESIGN-SOCIAL-09-juillet-2024-a-15.14.41-2-francais-1448x2048.png 1448w, https:\/\/www.ledesignsocial.nc\/wp-content\/uploads\/2024\/07\/DESIGN-SOCIAL-09-juillet-2024-a-15.14.41-2-francais-700x990.png 700w\" sizes=\"auto, (max-width: 724px) 100vw, 724px\" \/><\/figure>\n","protected":false},"excerpt":{"rendered":"<p>Qu&rsquo;est-ce? Trop souvent rattach\u00e9 \u00e0 l\u2019ameublement, au luxe ou pens\u00e9 comme objet de distinction, le&nbsp;design&nbsp;est avant tout une discipline de&nbsp;conception&nbsp;de&nbsp;projet. Le design social&nbsp;(ou l\u2019innovation sociale par le design) met les m\u00e9thodologies et la pens\u00e9e du design au service de projets de soci\u00e9t\u00e9 en pla\u00e7ant&nbsp;l\u2019humain au c\u0153ur&nbsp;de ces projets afin de les rendre plus responsables&nbsp;socialement,&nbsp;\u00e9cologiquement&nbsp;et&nbsp;\u00e9conomiquement. On [&hellip;]<\/p>\n","protected":false},"author":1,"featured_media":0,"parent":0,"menu_order":0,"comment_status":"closed","ping_status":"closed","template":"templates\/full-width-page.php","meta":{"footnotes":""},"class_list":["post-20","page","type-page","status-publish","hentry"],"_links":{"self":[{"href":"https:\/\/www.ledesignsocial.nc\/index.php\/wp-json\/wp\/v2\/pages\/20","targetHints":{"allow":["GET"]}}],"collection":[{"href":"https:\/\/www.ledesignsocial.nc\/index.php\/wp-json\/wp\/v2\/pages"}],"about":[{"href":"https:\/\/www.ledesignsocial.nc\/index.php\/wp-json\/wp\/v2\/types\/page"}],"author":[{"embeddable":true,"href":"https:\/\/www.ledesignsocial.nc\/index.php\/wp-json\/wp\/v2\/users\/1"}],"replies":[{"embeddable":true,"href":"https:\/\/www.ledesignsocial.nc\/index.php\/wp-json\/wp\/v2\/comments?post=20"}],"version-history":[{"count":4,"href":"https:\/\/www.ledesignsocial.nc\/index.php\/wp-json\/wp\/v2\/pages\/20\/revisions"}],"predecessor-version":[{"id":187,"href":"https:\/\/www.ledesignsocial.nc\/index.php\/wp-json\/wp\/v2\/pages\/20\/revisions\/187"}],"wp:attachment":[{"href":"https:\/\/www.ledesignsocial.nc\/index.php\/wp-json\/wp\/v2\/media?parent=20"}],"curies":[{"name":"wp","href":"https:\/\/api.w.org\/{rel}","templated":true}]}}